t is the greatest common divisor of 33 and 1122?
33
Calculate the greatest common factor of 776 and 873.
97
Calculate the highest common factor of 162 and 3321.
81
What is the highest common divisor of 536 and 67?
67
Calculate the highest common factor of 272 and 64.
16
What is the greatest common divisor of 265 and 159?
53
What is the highest common divisor of 154 and 352?
22
Calculate the highest common divisor of 245 and 931.
49
What is the greatest common divisor of 3182 and 172?
86
What is the greatest common factor of 248 and 152?
8
Calculate the greatest common factor of 795 and 555.
15
Calculate the greatest common divisor of 6 and 786.
6
Calculate the highest common factor of 232 and 88.
8
Calculate the greatest common factor of 148 and 925.
37
What is the highest common factor of 32 and 20?
4
What is the highest common factor of 741 and 117?
39
Calculate the highest common factor of 225 and 175.
25
What is the greatest common factor of 21 and 3?
3
What is the highest common factor of 75 and 850?
25
Calculate the highest common divisor of 126 and 5397.
21
What is the greatest common factor of 204 and 468?
12
Calculate the greatest common factor of 12924 and 9.
9
Calculate the greatest common divisor of 8 and 1208.
8
What is the greatest common factor of 345 and 30?
15
What is the highest common divisor of 297 and 243?
27
What is the greatest common factor of 24 and 42264?
24
Calculate the greatest common divisor of 20 and 320.
20
Calculate the highest common factor of 128 and 192.
64
What is the greatest common factor of 984 and 369?
123
Calculate the highest common factor of 32 and 2.
2
Calculate the greatest common divisor of 864 and 18.
18
Calculate the highest common divisor of 72 and 369.
9
Calculate the highest common divisor of 3 and 417.
3
What is the greatest common factor of 132 and 1221?
33
What is the greatest common factor of 2052 and 6?
6
Calculate the greatest common divisor of 62 and 4402.
62
Calculate the highest common factor of 15588 and 36.
36
What is the greatest common factor of 6 and 32?
2
Calculate the highest common factor of 13 and 1651.
13
Calculate the highest common divisor of 86 and 43.
43
What is the highest common factor of 77 and 22?
11
What is the greatest common divisor of 571 and 1?
1
Calculate the highest common factor of 17212 and 26.
26
Calculate the greatest common divisor of 429 and 442.
13
What is the greatest common divisor of 208 and 7540?
52
Calculate the highest common factor of 84 and 560.
28
Calculate the highest common divisor of 20 and 2.
2
What is the highest common divisor of 375 and 3?
3
Calculate the highest common factor of 116 and 406.
58
Calculate the greatest common divisor of 360 and 16.
8
Calculate the greatest common factor of 4807 and 2783.
253
Calculate the highest common divisor of 928 and 80.
16
What is the greatest common divisor of 609 and 9947?
203
Calculate the highest common divisor of 589 and 57.
19
Calculate the greatest common factor of 66588 and 124.
124
What is the greatest common divisor of 28342 and 74?
74
What is the greatest common divisor of 67 and 4891?
67
What is the highest common divisor of 65 and 130?
65
What is the greatest common factor of 38 and 1558?
38
What is the greatest common factor of 221 and 1156?
17
What is the greatest common divisor of 300 and 1620?
60
Calculate the highest common factor of 951 and 3.
3
Calculate the greatest common divisor of 231 and 1925.
77
What is the greatest common factor of 200 and 1850?
50
What is the highest common divisor of 820 and 160?
20
Calculate the highest common factor of 92 and 2300.
92
What is the highest common factor of 76 and 513?
19
Calculate the greatest common factor of 108 and 351.
27
What is the highest common factor of 2146 and 754?
58
Calculate the highest common factor of 76 and 19.
19
What is the highest common factor of 196 and 63?
7
Calculate the highest common divisor of 750 and 75.
75
What is the highest common divisor of 968 and 55?
11
What is the greatest common divisor of 62 and 1178?
62
What is the greatest common divisor of 720 and 192?
48
Calculate the highest common factor of 43 and 387.
43
What is the highest common factor of 7748 and 3278?
298
Calculate the highest common divisor of 799 and 47.
47
Calculate the highest common factor of 530 and 32065.
265
What is the greatest common divisor of 675 and 10?
5
What is the greatest common divisor of 145 and 58?
29
What is the greatest common divisor of 10 and 270?
10
Calculate the greatest common divisor of 156 and 507.
39
What is the highest common factor of 24 and 3?
3
Calculate the highest common divisor of 551 and 19.
19
What is the highest common divisor of 20 and 710?
10
What is the highest common divisor of 176 and 42416?
176
What is the highest common factor of 51 and 4420?
17
What is the highest common divisor of 3 and 7?
1
Calculate the highest common factor of 728 and 56.
56
What is the greatest common divisor of 32 and 1744?
16
Calculate the highest common factor of 65 and 195.
65
What is the highest common factor of 13 and 5590?
13
What is the highest common divisor of 2533 and 298?
149
What is the greatest common factor of 30 and 15?
15
What is the highest common divisor of 250 and 530?
10
Calculate the highest common divisor of 41375 and 993.
331
What is the greatest common divisor of 247 and 76?
19
What is the highest common divisor of 3507 and 21?
21
What is the highest common factor of 96 and 1236?
12
What is the greatest common divisor of 2736 and 1539?
171
What is the highest common factor of 51 and 30?
3
Calculate the highest common divisor of 172 and 9417.
43
What is the greatest common factor of 1248 and 39?
39
Calculate the greatest common divisor of 48 and 72.
24
Calculate the greatest common factor of 85 and 45.
5
What is the greatest common divisor of 99 and 55?
11
Calculate the greatest common factor of 1036 and 448.
28
What is the greatest common factor of 5983 and 965?
193
Calculate the highest common divisor of 16 and 232.
8
Calculate the greatest common divisor of 33 and 44.
11
Calculate the highest common divisor of 2482 and 34.
34
What is the greatest common divisor of 216 and 24?
24
What is the highest common factor of 1719 and 382?
191
What is the highest common divisor of 24 and 88?
8
What is the highest common factor of 1751 and 527?
17
Calculate the highest common factor of 52 and 4212.
52
What is the highest common divisor of 700 and 112?
28
Calculate the highest common divisor of 426 and 42387.
213
Calculate the highest common factor of 2831 and 38.
19
What is the greatest common divisor of 13 and 1391?
13
Calculate the highest common factor of 906 and 23254.
302
What is the highest common factor of 141 and 470?
47
What is the highest common divisor of 2920 and 80?
40
Calculate the highest common divisor of 26 and 1066.
26
Calculate the greatest common divisor of 1775 and 142.
71
What is the highest common factor of 111 and 6?
3
What is the highest common factor of 2808 and 832?
104
What is the greatest common factor of 138 and 1104?
138
What is the highest common divisor of 147 and 105?
21
What is the highest common divisor of 171 and 21?
3
Calculate the greatest common factor of 1884 and 12.
12
What is the greatest common factor of 798 and 168?
42
Calculate the greatest common factor of 87 and 1.
1
Calculate the highest common factor of 375 and 195.
15
Calculate the greatest common factor of 361 and 133.
19
What is the greatest common divisor of 11 and 2497?
11
Calculate the highest common divisor of 156 and 240.
12
Calculate the highest common factor of 36 and 960.
12
What is the highest common factor of 40 and 570?
10
Calculate the highest common divisor of 3154 and 114.
38
Calculate the greatest common divisor of 8128 and 256.
64
Calculate the highest common divisor of 7924 and 14.
14
Calculate the highest common divisor of 125 and 10.
5
Calculate the highest common factor of 1088 and 208.
16
What is the highest common divisor of 45 and 5?
5
What is the highest common divisor of 10 and 345?
5
Calculate the greatest common factor of 48 and 5744.
16
Calculate the greatest common factor of 204 and 12.
12
Calculate the greatest common factor of 151 and 15553.
151
What is the greatest co